235. What are the prime factors of p?
2, 3
Let b be (-5)/(-20) + 21/(-4). Let t be 1 - (-18)/15*b. What are the prime factors of (0 - -38) + t + 1?
2, 17
Suppose -l = l + 12. Let u be (-72)/(-60)*580/l. Let z = u - -166. List the prime factors of z.
2, 5
Let h = -82 - -3032. List the prime factors of h.
2, 5, 59
Let m(y) = y + 8. Let z be m(-7). Suppose 0 = 4*r - 19 - z. Suppose -5*h + 119 = 4*t - 5*t, 3*t + 117 = r*h. What are the prime factors of h?
2, 3
Let l = -1055 + 1771. What are the prime factors of l?
2, 179
Let a be ((-10)/(-2))/(-3 - (-7)/2). List the prime factors of (a/4)/((-11)/(-66)).
3, 5
Let w(i) = 2*i**3 - 8*i**2 + 12*i - 69. List the prime factors of w(7).
3, 103
Let d be 1/(2308/2304 - (-2)/(-2)). Suppose -6*v = -10*v + d. List the prime factors of v.
2, 3
Let s = -5 - 3. Let c = s - -10. Suppose 17 = 3*b - c*l - 21, 3*l = -3*b + 18. List the prime factors of b.
2, 5
Suppose 0 = -f - 3*f + 6*f. Suppose -5*o + 4*h + 840 = f, -4 = -4*h + 16. What are the prime factors of o?
2, 43
Suppose 0 = 2*f + 4 - 20. Let a = -4 + f. Let o = a + 2. List the prime factors of o.
2, 3
Let d = -189 - -838. List the prime factors of d.
11, 59
Let w = 1975 - 379. What are the prime factors of w?
2, 3, 7, 19
Let w(i) = -65*i - 10. Let y be w(-4). Suppose 0 = -3*g + 715 - y. Suppose -3*m - 5*t = -t - g, 212 = 4*m + 4*t. What are the prime factors of m?
3, 19
What are the prime factors of 115 - (-56)/(8 + -15)?
107
Let y = 0 - -16. What are the prime factors of (-79)/(-2) - y/32?
3, 13
Let m be ((-92)/12)/((-3)/9). Let x = -3 + m. Suppose 0*g + x = g. What are the prime factors of g?
2, 5
Let s(k) = -k**3 - 7*k**2 + 11*k - 6. Let c be s(6). What are the prime factors of (2/(-2 + c/(-206)))/(-1)?
103
Let m(j) = -j**3 - 50*j**2 - 68*j + 185. What are the prime factors of m(-49)?
2, 3, 31
Let c(w) = -2*w - 1. Let m be c(-6). Suppose -9*v - 112 = -m*v. List the prime factors of v.
2, 7
Suppose 23*i + 6*i = 18763. What are the prime factors of i?
647
Suppose 18363 = 17*h - 7766. List the prime factors of h.
29, 53
Let v(a) = a**2 - 8*a + 4. Let k be v(8). Suppose -k*r - 3*r = -1470. List the prime factors of r.
2, 3, 5, 7
Suppose -2*y + 0*y = 5*p - 47, 5*y - 4*p - 167 = 0. List the prime factors of y.
31
Let z = 48 - 40. Suppose -604 = -5*j + 396. Suppose -3*d = -z*d + j. List the prime factors of d.
2, 5
Let b(q) be the third derivative of -q**6/120 - q**5/60 - 13*q**3/3 - 5*q**2. List the prime factors of b(-5).
2, 37
Suppose 3*i - 2*q = 2, 4*i = -i + q + 1. Suppose i = 3*v - 2 - 7. Suppose -v*f = 3*t - 35 - 16, -3*f + 5*t = -59. What are the prime factors of f?
2, 3
Let z(g) = -5*g + 34. Let v be z(8). List the prime factors of (1 - v)/(4 + 321/(-81)).
3, 7
Let g be 0/2*(-5)/10. Suppose g = 2*f - 4. Suppose -6*x = -f*x - 96. List the prime factors of x.
2, 3
Suppose -6 = 3*l, -2*u - 4*l - 1 = 3. What are the prime factors of 2/8 - u*1221/(-24)?
2, 3, 17
Let p(d) = -4 - 3*d**2 - 1 + 1 + d**3 + 2. Let a be p(4). Let s(v) = v**3 - 13*v**2 - 14*v + 3. List the prime factors of s(a).
3
Suppose c + r = 0, 4*r - 12 = 3*c + r. Let i(b) = -3*b**3 + b**2 - 2*b - 1. What are the prime factors of i(c)?
31
List the prime factors of (1/(-1) + -4276)*828/(-966).
2, 3, 13, 47
What are the prime factors of -155*((-2)/4)/(35/14)?
31
Let o(s) = -7*s + 2. Let y(l) = 8*l - 1. Let i(h) = 7*o(h) + 6*y(h). Let t be i(3). Suppose 72 = 2*b - 5*k, 2*b - b - 41 = t*k. List the prime factors of b.
31
Suppose -4*w + 5*x = -1826, -3*x + 910 = 2*w - 4*x. What are the prime factors of w?
2, 227
Let u be (6 + 5 + -2)*114/(-9). Let v = u - -354. What are the prime factors of v?
2, 3, 5
Suppose -10*p = 16*p - 17862. What are the prime factors of p?
3, 229
Let f(j) = -j**2 + 5*j - 1. Let x be f(3). Suppose -x*b + 0 + 10 = 0. Suppose b*o - 2 = o. List the prime factors of o.
2
What are the prime factors of 549 - (3 + 63/(-7))?
3, 5, 37
Let g(f) = -74*f - 595. List the prime factors of g(-26).
3, 443
Suppose 14*d + 2*f + 349 = 15*d, d - 5*f - 358 = 0. What are the prime factors of d?
7
Suppose 5*d = w + 116, -3*d - w + 67 = w. Let h = d + -6. List the prime factors of h.
17
Let r(u) = -u**3 - 3*u**2 + u - 3. Let c(s) = s - 4. Let k be c(0). Let g = k - 0. List the prime factors of r(g).
3
Suppose 3*z - 307 - 275 = 0. What are the prime factors of z?
2, 97
Let k(c) be the third derivative of -47*c**4/24 + c**3 - 40*c**2. What are the prime factors of k(-4)?
2, 97
Let x(y) be the second derivative of 5*y**3/6 + 2*y**2 + 14*y. List the prime factors of x(8).
2, 11
List the prime factors of (-491)/(((-3)/24)/((-15)/(-30))).
2, 491
Let x(j) = -j**3 + 28*j**2 + 35*j - 40. Let v be (4/4)/(2/(1 + 57)). What are the prime factors of x(v)?
2, 67
Let k = -633 - -911. Suppose -2*q = -4, -2*f + 0*q - 2*q = -k. What are the prime factors of f?
137
Let k(y) be the first derivative of -4*y**2 + 5*y - 1. Let u(s) = -s**2 + 11*s + 23. Let v be u(-2). List the prime factors of k(v).
29
Suppose 12*h + 11 + 61 = 0. Let s be 4 + -2 + -3 - -12. Let k = h + s. List the prime factors of k.
5
Let f(z) = 130*z + 20. What are the prime factors of f(16)?
2, 3, 5, 7
List the prime factors of (-93624)/(-27) + (-124)/(-279).
2, 3, 17
Suppose -32*n = 22*n - 194562. What are the prime factors of n?
3, 1201
Let q(x) be the third derivative of 19*x**5/60 - x**4/8 - x**3/6 - 30*x**2. List the prime factors of q(-3).
179
Suppose 6*i = i + 2*g + 3337, -5*i = 5*g - 3330. List the prime factors of i.
23, 29
Let c = 3 - -3. Suppose 0 = c*r - r - 2420. What are the prime factors of (-4)/14 + r/28?
17
Let b(f) = 212*f + 36. What are the prime factors of b(9)?
2, 3
Suppose 0 = -4*j - 8, 4*j + 0*j + 12 = 2*b. What are the prime factors of (380/8)/(3/b + -1)?
5, 19
Suppose 12*g - 1332 = 3*g. What are the prime factors of g?
2, 37
Let w = -866 - -1679. List the prime factors of w.
3, 271
Let f(u) = 12*u**2 - 1. Let b be f(-2). Let d = 22 - b. Let l = -15 - d. List the prime factors of l.
2, 5
Let u = 2498 + -1770. List the prime factors of u.
2, 7, 13
Suppose -x - 4*x + 2675 = 5*c, 0 = 4*x + 3*c - 2141. Suppose -4*n - 228 = -w, 64 = -2*w + 4*n + x. List the prime factors of w.
2, 61
Let a(n) = 20*n**2 + 7*n - 5. Let f(p) = -40*p**2 - 15*p + 11. Let z(c) = 9*a(c) + 4*f(c). List the prime factors of z(-2).
73
Let a = 14 - 9. Suppose -a*g = v - 758, 0 = -3*g - 4*v + 116 + 332. What are the prime factors of g?
2, 19
What are the prime factors of -2*((-2)/17 - (-27974)/(-68))?
823
Suppose 593 = v + f, -2378 = -4*v - f + 3*f. What are the prime factors of v?
2, 3, 11
Suppose 3*b - 9*v - 1714 = -11*v, 0 = 2*b + v - 1141. What are the prime factors of b?
2, 71
Let i(s) = 22*s**2. Let j be i(1). Let r = j + 6. Suppose -y + 64 = 3*o, -2*o - y + r = -4*y. What are the prime factors of o?
2, 5
Suppose 2*x + 2*i = 7334, 5*x - 47*i - 18359 = -44*i. List the prime factors of x.
2, 5, 367
List the prime factors of (-3*(-20)/90)/(4/1362).
227
Let n be (9/2)/((-3)/4). Let q be ((-33)/(-18))/(n/(-36)). Let p(s) = -s**3 + 12*s**2 - 9*s - 6. List the prime factors of p(q).
2
Let n(h) = -3*h**2 + 35*h - 19. Let w be n(10). Suppose 64 + 24 = 2*d. Suppose 5*v - w - d = 0. List the prime factors of v.
3, 5
Let q(b) = b + 19. Suppose -2*h + a - 37 = -2*a, 3*h + 48 = 2*a. Let m be q(h). Suppose 5*y = -z + 5*z - 34, -65 = -m*z - 5*y. List the prime factors of z.
11
Let o(i) = 10*i - 12. Let m be o(8). Let j = m + 100. What are the prime factors of j?
2, 3, 7
Let l be (-51 - (-12)/3) + -4. Suppose 2*y + 0*f = -f - 3243, 3*f = 15. List the prime factors of y/(-68) + (-6)/l.
2, 3
Suppose m - 12 = 5*m. Let x be 19 - (m - 3)/(-2). Suppose 0 = g - 1 - x. List the prime factors of g.
17
What are the prime factors of (43/3)/(33/1089)?
11, 43
Suppose -2*v = -5*o - 4959, 2*v - 4815 - 154 = 3*o. List the prime factors of v.
2, 7, 89
Let i = -1161 + 2104. List the prime factors of i.
23, 41
Let h(p) = 5*p**2 - 2*p + 2249. What are the prime factors of h(0)?
13, 173
Suppose 7*z = -5*f + 2*z + 15, 2*z = 2. Suppose 0 = -5*n - 0*n, 0 = -f*b - n + 24. What are the prime factors of ((-87)/b)/(2/(-8))?
29
Let p = 1164 + -493. List the prime factors of p.
11, 61
Suppose -9*s + 13*s = -3*x + 3367, 5*s - 4488 = -4*x. What are the prime factors of x?
1117
Let z(h) = 13*h**3 - 1. 